{"id":2,"date":"2024-10-15T10:38:33","date_gmt":"2024-10-15T08:38:33","guid":{"rendered":"http:\/\/radamak.cluster027.hosting.ovh.net\/?page_id=2"},"modified":"2024-10-15T12:49:47","modified_gmt":"2024-10-15T10:49:47","slug":"preambule","status":"publish","type":"page","link":"https:\/\/www.radama.fr\/index.php\/preambule\/","title":{"rendered":"Pr\u00e9ambule &amp; sommaire"},"content":{"rendered":"\n<p>Il parait que publier des pages personnelles sur le Web serait devenu ringard. Qu&rsquo;\u00e0 cela ne tienne; voici ce que celles-ci proposent.<\/p>\n\n\n\n<p>\u00ab\u00a0(R\u00e9)cr\u00e9ations graphiques\u00a0\u00bb: depuis 2004 &#8211; ann\u00e9e de mon d\u00e9part de la Fonction publique &#8211; regroupe en plusieurs s\u00e9ries les dessins personnels plus ou moins humoristiques d&rsquo;un amateur dont la source d&rsquo;inspiration majeure a \u00e9t\u00e9 son milieu professionnel (s\u00e9rie Humour et biblioth\u00e8ques) mais d&rsquo;autres dessins sont de circonstances; ainsi en 2012 a \u00e9t\u00e9 cr\u00e9\u00e9e une nouvelle page \u00ab\u00a0\u00c9cot \u00e0 l&rsquo;\u00e9cologie\u00a0\u00bb; elle est d\u00e9di\u00e9e \u00e0 ce probl\u00e8me dont d\u00e9pend l&rsquo;avenir de l&rsquo;humanit\u00e9 enti\u00e8re, quoi qu&rsquo;en pensent les climatosceptiques. Lire la suite. \u00ab\u00a0R\u00e9cr\u00e9ations plastiques\u00a0\u00bb aussi, puique, apr\u00e8s une page d\u00e9di\u00e9e \u00e0 mes peintures des ann\u00e9es 70, 2019 a \u00e9t\u00e9 marqu\u00e9e par l&rsquo;introduction de travaux de modelage, d&rsquo;o\u00f9 la modification du titre alternatif du site\u2026<\/p>\n\n\n\n<p>\u00ab\u00a0Desseins de la semaine\u00a0\u00bb : depuis 2006, un blog abordant les questions de soci\u00e9t\u00e9. Lire le dernier billet<\/p>\n\n\n\n<p>\u00ab\u00a0Contributions\u00a0\u00bb: autres sites web auxquels j&rsquo;ai collabor\u00e9 ou je collabore encore, de pr\u00e8s ou de loin; les liens (ci-dessous) y m\u00e8nent.<br>Ces activit\u00e9s vari\u00e9es me donnent ainsi l&rsquo;illusion de pouvoir retarder l&rsquo;instant o\u00f9 images et \u00e9crits ne seront irr\u00e9m\u00e9diablement plus que feuilles mortes.<\/p>\n\n\n\n<blockquote class=\"wp-block-quote is-layout-flow wp-block-quote-is-layout-flow\">\n<p>Je n&rsquo;entreprends rien sans \u00eatre tout d&rsquo;abord \u00e9cras\u00e9 sous le poids des difficult\u00e9s que je distingue devant moi, et le d\u00e9couragement est tel qu&rsquo;il me faut une volont\u00e9 \u00e9norme pour me mettre au travail<\/p>\n\n\n\n<p><strong>Ch.-F. Ramuz, Journal, 8 f\u00e9vrier 1904<\/strong><\/p>\n<\/blockquote>\n\n\n\n<p><\/p>\n","protected":false},"excerpt":{"rendered":"<p>Il parait que publier des pages personnelles sur le Web serait devenu ringard. Qu&rsquo;\u00e0 cela ne tienne; voici ce que celles-ci proposent. \u00ab\u00a0(R\u00e9)cr\u00e9ations graphiques\u00a0\u00bb: depuis 2004 &#8211; ann\u00e9e de mon d\u00e9part de la Fonction publique &#8211; regroupe en plusieurs s\u00e9ries les dessins personnels plus ou moins humoristiques d&rsquo;un amateur dont la source d&rsquo;inspiration majeure a [&hellip;]<\/p>\n","protected":false},"author":1,"featured_media":0,"parent":0,"menu_order":0,"comment_status":"closed","ping_status":"open","template":"","meta":{"footnotes":""},"class_list":["post-2","page","type-page","status-publish","hentry"],"_links":{"self":[{"href":"https:\/\/www.radama.fr\/index.php\/wp-json\/wp\/v2\/pages\/2","targetHints":{"allow":["GET"]}}],"collection":[{"href":"https:\/\/www.radama.fr\/index.php\/wp-json\/wp\/v2\/pages"}],"about":[{"href":"https:\/\/www.radama.fr\/index.php\/wp-json\/wp\/v2\/types\/page"}],"author":[{"embeddable":true,"href":"https:\/\/www.radama.fr\/index.php\/wp-json\/wp\/v2\/users\/1"}],"replies":[{"embeddable":true,"href":"https:\/\/www.radama.fr\/index.php\/wp-json\/wp\/v2\/comments?post=2"}],"version-history":[{"count":2,"href":"https:\/\/www.radama.fr\/index.php\/wp-json\/wp\/v2\/pages\/2\/revisions"}],"predecessor-version":[{"id":17,"href":"https:\/\/www.radama.fr\/index.php\/wp-json\/wp\/v2\/pages\/2\/revisions\/17"}],"wp:attachment":[{"href":"https:\/\/www.radama.fr\/index.php\/wp-json\/wp\/v2\/media?parent=2"}],"curies":[{"name":"wp","href":"https:\/\/api.w.org\/{rel}","templated":true}]}}